 digit of 35983?
8
What is the hundred thousands digit of 7127289?
1
What is the units digit of 248442?
2
What is the millions digit of 1114007?
1
What is the hundred thousands digit of 343539?
3
What is the millions digit of 5474115?
5
What is the ten thousands digit of 15016627?
1
What is the millions digit of 2982995?
2
What is the thousands digit of 18603022?
3
What is the ten thousands digit of 665344?
6
What is the thousands digit of 52593?
2
What is the hundreds digit of 85868?
8
What is the hundred thousands digit of 14657741?
6
What is the tens digit of 2186715?
1
What is the units digit of 5374053?
3
What is the ten thousands digit of 183446?
8
What is the thousands digit of 635889?
5
What is the thousands digit of 4564356?
4
What is the hundreds digit of 3159267?
2
What is the thousands digit of 23597624?
7
What is the tens digit of 126109?
0
What is the hundred thousands digit of 3284836?
2
What is the thousands digit of 5502603?
2
What is the ten thousands digit of 682662?
8
What is the thousands digit of 100882?
0
What is the thousands digit of 4704420?
4
What is the hundred thousands digit of 2355696?
3
What is the thousands digit of 412131?
2
What is the thousands digit of 145218?
5
What is the thousands digit of 2297815?
7
What is the hundred thousands digit of 4865967?
8
What is the hundred thousands digit of 307808?
3
What is the hundreds digit of 573222?
2
What is the hundreds digit of 8464346?
3
What is the millions digit of 2799448?
2
What is the thousands digit of 2113355?
3
What is the hundreds digit of 3358927?
9
What is the hundred thousands digit of 8714768?
7
What is the hundreds digit of 211319?
3
What is the hundreds digit of 542013?
0
What is the hundreds digit of 1686442?
4
What is the units digit of 5785998?
8
What is the hundred thousands digit of 3774253?
7
What is the millions digit of 7179339?
7
What is the units digit of 5404624?
4
What is the millions digit of 3611915?
3
What is the hundreds digit of 251452?
4
What is the hundred thousands digit of 1718666?
7
What is the hundred thousands digit of 766952?
7
What is the ten thousands digit of 927522?
2
What is the hundreds digit of 170812?
8
What is the millions digit of 6425038?
6
What is the ten millions digit of 12105993?
1
What is the tens digit of 5856335?
3
What is the thousands digit of 3693060?
3
What is the hundreds digit of 5579566?
5
What is the tens digit of 550177?
7
What is the hundred thousands digit of 288078?
2
What is the hundreds digit of 17902721?
7
What is the tens digit of 3103848?
4
What is the millions digit of 2218243?
2
What is the hundred thousands digit of 1983840?
9
What is the ten thousands digit of 257049?
5
What is the hundred thousands digit of 9703236?
7
What is the ten thousands digit of 4849268?
4
What is the ten thousands digit of 118682?
1
What is the units digit of 87048?
8
What is the tens digit of 144092?
9
What is the tens digit of 1263438?
3
What is the millions digit of 1880408?
1
What is the tens digit of 1125561?
6
What is the ten thousands digit of 442912?
4
What is the hundreds digit of 6856541?
5
What is the thousands digit of 393212?
3
What is the ten millions digit of 19409163?
1
What is the thousands digit of 6273869?
3
What is the thousands digit of 391039?
1
What is the units digit of 112783?
3
What is the hundred thousands digit of 4420272?
4
What is the ten thousands digit of 15175225?
7
What is the millions digit of 1839319?
1
What is the ten thousands digit of 109725?
0
What is the hundreds digit of 21999017?
0
What is the millions digit of 1363508?
1
What is the hundreds digit of 9897090?
0
What is the hundred thousands digit of 257899?
2
What is the millions digit of 3061356?
3
What is the millions digit of 8428866?
8
What is the units digit of 4773542?
2
What is the units digit of 1041054?
4
What is the hundred thousands digit of 910409?
9
What is the hundred thousands digit of 5995434?
9
What is the units digit of 2676535?
5
What is the units digit of 609172?
2
What is the ten thousands digit of 525093?
2
What is the hundreds digit of 55696?
6
What is the thousands digit of 36170?
6
What is the thousands digit of 215027?
5
What is the thousands digit of 222009?
2
What is the thousands digit of 6742?
6
What is the millions digit of 2461987?
2
What is the tens digit of 75145?
4
What is the hundred thousands digit of 297689?
2
What is the units digit of 96379?
9
What is the thousands digit of 990052?
0
What is the thousands digit of 43056?
3
What is the ten thousands digit of 595311?
9
What is the hundreds digit of 3355826?
8
What is the tens digit of 4356013?
1
What is the tens digit of 1440766?
6
What is the hundreds digit of 2927771?
7
What is the ten thousands digit of 23694336?
9
What is the thousands digit of 54091?
4
What is the hundreds digit of 516766?
7
What is the ten thousands digit of 115910?
1
What is the hundreds digit of 102736?
7
What is the units digit of 60207?
7
What is the tens digit of 237874?
7
What is the ten thousands digit of 26966766?
6
What is the hundreds digit of 1790508?
5
What is the units digit of 14171?
1
What is the units digit of 15592549?
9
What is the hundred thousands digit of 2513597?
5
What is the ten thousands digit of 2342935?
4
What is the millions digit of 1073009?
1
What is the tens digit of 1052249?
4
What is the millions digit of 7268953?
7
What is the hundreds digit of 142707?
7
What is the units digit of 324701?
1
What is the millions digit of 4362314?
4
What is the hundred thousands digit of 137229?
1
What is the hundreds digit of 95567?
5
What is the hundreds digit of 5190892?
8
What is the units digit of 6921684?
4
What is the units digit of 10100521?
1
What is the ten thousands digit of 121813?
2
What is the hundreds digit of 15959401?
4
What is the millions digit of 2078282?
2
What is the ten thousands digit of 125178?
2
What is the hundred thousands digit of 230809?
2
What is the tens digit of 498102?
0
What is the units digit of 1080263?
3
What is the hundreds digit of 814080?
0
What is the hundred thousands digit of 1687798?
6
What is the tens digit of 308045?
4
What is the units digit of 1098779?
9
What is the hundred thousands digit of 2576556?
5
What is the units digit of 9333666?
6
What is the hundreds digit of 1603340?
3
What is the hundred thousands digit of 1239347?
2
What is the tens digit of 312469?
6
What is the tens digit of 9471039?
3
What is the thousands digit of 1496460?
6
What is the millions digit of 30962721?
0
What is the tens digit of 195382?
8
What is the thousands digit of 98524?
8
What is the hundred thousands digit of 8530722?
5
What is the tens digit of 1374864?
6
What is the units digit of 120180?
0
What is the hundred thousands digit of 2139430?
1
What is the units digit of 283000?
0
What is the thousands digit of 2107126?
7
What is the ten thousands digit of 855282?
5
What is the ten thousands digit of 28609819?
0
What is the hundreds digit of 8971998?
9
What is the thousands digit of 112622?
2
What is the units digit of 2612725?
5
What is the tens digit of 2587723?
2
What is the ten thousands digit of 13770419?
7
What is the units digit of 343275?
5
What is the tens digit of 5698294?
9
What is the ten thousands digit of 291336?
9
What is the thousands digit of 748556?
8
What is the units digit of 7936?
6
What is the hundred thousands digit of 200556?
2
What is the millions digit of 20625533?
0
What is the hundreds digit of 1891381?
3
What is the thousands digit of 25080194?
0
What is the tens digit of 4092415?
1
What is the tens digit of 1906902?
0
What is the millions digit of 24767416?
4
What is the hundreds digit of 67253?
2
What is the hundreds digit of 104451?
4
What is the thousands digit of 3889260?
9
What is the millions digit of 7901114?
7
What is the units digit of 1268031?
1
What is the hundred thousands digit of 2315520?
3
What is the millions digit of 11777144?
1
What is the ten millions digit of 17780907?
1
What is the ten thousands digit of 99152?
9
What is the units digit of 334961?
1
What is the units digit of 95463?
3
What is the thousands digit of 1447670?
7
What is the hundreds digit of 4341665?
6
What is the ten millions digit of 20831220?
2
What is the hundreds digit of 1638151?
1
What 